t j = -26 - -61. Let d = 1 - -13. Let g = j - d. Does 6 divide g?
False
Suppose 0*j = -5*j + 15. Let k be 7/(42/279) + (-1)/(-2). Suppose -j*b + 52 = -k. Is 12 a factor of b?
False
Suppose -3*z + 3*v = -423, -2*z + v = 2*v - 288. Let a = -47 + z. Is a a multiple of 32?
True
Let u be 110 - (3 - (-1 - -1)). Suppose 5*y - 100 = y. Suppose u = 3*x - y. Does 19 divide x?
False
Is (0 + (122 - -1))*(-8)/(-6) a multiple of 13?
False
Is 54/8*(-1740)/(-45) a multiple of 3?
True
Suppose 0 = 2*n - 12 + 4. Let a be -4*(-2)/16*n. Suppose 0 = -4*x + 3*u + 30, -a*x + 2*u = 2*x - 28. Is 6 a factor of x?
True
Let j(l) = -l**3 - l**2 + 2*l + 3. Let o be j(-2). Suppose -o*s + 4 = 1, -4*p + 143 = 3*s. Is 8 a factor of p?
False
Let p(r) be the second derivative of -r**4/12 - 5*r**3/6 + 6*r**2 + 4*r. Let u be p(-8). Does 13 divide (9/u)/(5/(-260))?
True
Let m(c) = -c**3 + 22*c**2 + 88*c - 37. Is 18 a factor of m(25)?
True
Let z(v) = -v**2 + 3*v - 84. Let a be z(0). Let j = a - -110. Does 14 divide j?
False
Let f(t) = -1 - 2*t**2 + 4*t**2 + 702*t**3 - 718*t**3. Is 3 a factor of f(-1)?
False
Let t(d) = -24*d + 5. Let u be t(-4). Let k(v) = -v**3 - 8*v**2 - 3*v + 31. Let m be k(-7). Suppose -5*i + m*c + u = -282, 378 = 5*i + 2*c. Does 19 divide i?
True
Let m = -21 - -123. Suppose -m = 3*i - 5*i. Is 22 a factor of i?
False
Suppose -172 - 24 = -2*x. Does 14 divide x?
True
Suppose 16*m - 17*m = -2*l + 6392, -6412 = -2*l - 4*m. Is 53 a factor of l?
False
Let t(i) = 73*i + 115. Does 56 divide t(13)?
True
Suppose 0 = 3*q - o - 3043, -2*q + 4*o + 210 = -1802. Does 24 divide q?
False
Suppose -2*h - 486 = -2214. Is 18 a factor of ((-2)/(-4))/(3/h)?
True
Suppose -15 + 1 = -3*b + 2*s, -2*b + 3*s = -16. Suppose 4*x + 62 = k, b*k - 43 = -5*x + 55. Does 18 divide k?
True
Suppose 2*n = 5*n - 12. Suppose -n*q = -3*x + q + 82, -4*x = -4*q - 96. Is 6 a factor of x?
False
Let j(g) = 12*g**3 - 7*g**2 + 7*g + 22. Is j(4) a multiple of 5?
False
Suppose 0 = -2*p - 2*p - 508. Let b = -70 - p. Is 14 a factor of b?
False
Let f = 15 - 21. Let o(c) = -2 - 3*c + 8*c + 0*c + c**2. Is 3 a factor of o(f)?
False
Suppose -55*t = 24*t - 4898. Is t a multiple of 6?
False
Suppose -5*u = 4*p - 7*u - 5656, 0 = 4*p - u - 5658. Does 52 divide p?
False
Let m(x) = 48*x**3 - x**2 + 1. Let s be (-16)/(-6) - (-12)/9. Suppose -s = 2*j, -5*r + 6 = -3*j - 5. Does 24 divide m(r)?
True
Let h(a) = -a**3 + 19*a**2 + 15*a - 54. Does 9 divide h(18)?
True
Let j = 3 - 2. Let d(u) = u + 9. Let p be d(-15). Is 11 a factor of (-29)/j*6/p?
False
Let q(a) = 2*a + 18. Let t be q(-9). Suppose 0 = -3*o + 6, t*l = 5*l - o - 53. Is l even?
False
Is 11 a factor of (-7)/((-49)/658) - 6?
True
Let r be (-22 - 2)*2/(-3). Let y = 34 + r. Is 8 a factor of y?
False
Let j(f) = -52*f + 23. Does 11 divide j(-4)?
True
Suppose 5 = -5*m, -2*v - 3*v = -3*m - 33. Suppose -z = v + 70. Let r = 130 + z. Is 27 a factor of r?
True
Suppose -j + 108 = 3*r, 2*r = 6*r - 16. Suppose j - 301 = -5*m. Let a = m - 19. Is 22 a factor of a?
True
Let q(y) = 2*y + 95. Is 17 a factor of q(-5)?
True
Let t(f) = -f**3 + 23*f**2 - 28*f + 61. Is 52 a factor of t(19)?
False
Suppose 0 = -15*h + 1629 + 3771. Is 8 a factor of h?
True
Suppose -2*r - 3 = -11. Let n(p) = -r*p + 14 - 3*p + 3*p + 3*p. Is n(10) a multiple of 2?
True
Suppose -43 = 3*f + 3*j - 7, 21 = -2*f + j. Is f - -11 - (0 + -29) a multiple of 4?
False
Suppose 0*u + 525 = 5*u. Let r be (1 - 3) + u + 1. Suppose 2*m - 5*n = 23, -2*m - r = -7*m - 3*n. Is m a multiple of 7?
False
Let b = -490 + 1078. Is b a multiple of 21?
True
Let z = -15 - -18. Suppose 0 = 4*k + 12, z*u - 8 = -3*k - 2. Suppose u*q - 8*q = -84. Does 7 divide q?
True
Is -96 - -98 - (-104 + (2 - 1)) a multiple of 20?
False
Let y = -5 + -9. Let z(b) = b**3 + 15*b**2 + 13*b - 8. Let p be z(y). Suppose 8*r - p*r - 38 = 0. Does 16 divide r?
False
Let l(b) = 8*b**2 + 54*b + 539. Is l(-11) a multiple of 83?
True
Let f(m) = m**2 + 4*m. Let j be f(-4). Let n(r) = -3*r**2 - 5*r + 43. Let k(s) = 4*s**2 + 6*s - 44. Let h(o) = 4*k(o) + 5*n(o). Is h(j) a multiple of 24?
False
Let q = 22 + -18. Suppose q = 3*f - 2. Suppose -4*g + 487 = -f*n + 39, -224 = -2*g - 3*n. Is 23 a factor of g?
False
Is 77 a factor of 108520/(-8)*12/(-60)?
False
Let u = -2141 - -2536. Is u even?
False
Let u = 509 + -329. Suppose u = 5*n - 0*n. Does 9 divide n?
True
Suppose m + 4 = 4*r - 12, 5*m - 4*r = 0. Let p(x) = 0 + x**3 + 4 - 2*x - 3*x - x**2. Is p(m) a multiple of 16?
True
Suppose 9*x + 308 - 1271 = 0. Is 6 a factor of x?
False
Let s = -611 + 1047. Suppose 6*h - s = 2*h. Is h a multiple of 30?
False
Suppose -2*r - 1 + 3 = 3*g, -5*g - r + 1 = 0. Suppose g = 3*f - 9 + 3. Suppose 2*h - 38 = -2*i, -5*h + 2*i = -f*i - 68. Is h a multiple of 4?
True
Let p(n) be the third derivative of -n**6/120 + 7*n**3/6 - 7*n**2. Is p(0) a multiple of 7?
True
Suppose -4*g = -3*o + 48, -3*o + 0*g = 3*g - 27. Let d(q) = q + 4. Let c be d(0). Suppose -c*b + 144 = -b + 3*w, 3*w = o. Is 13 a factor of b?
False
Let y be (2 + -1)*(-3 + 1). Let h be y/3 + 56/12. Suppose -2*q - h*x = -18, -25 = -4*q - x + 32. Does 9 divide q?
False
Let b be 4/(-18) - (-6400)/45. Suppose -2*t + 5*t + b = x, -4*x + 29 = -t. Let m = -32 - t. Is m a multiple of 15?
False
Let p be (2 - (3 - 10)) + -1. Let f = 15 - p. Is f a multiple of 7?
True
Let r = -1437 - -1907. Is 11 a factor of r?
False
Let s(o) = 2*o**2 - 6*o - 1. Suppose 4*x = -2*k + 28, 22 = 3*k - 3*x + 5*x. Let n be s(k). Let w = n + 4. Is 2 a factor of w?
False
Let m = -39 + 42. Suppose 2*f - 209 + 1 = 4*i, -m*f = -5*i - 311. Is f a multiple of 17?
True
Let b(j) = 5*j**2 - 25*j + 30. Does 14 divide b(9)?
True
Let o(x) = 24*x**2 - 1. Let b(n) = n**2. Let u(g) = 3*b(g) + o(g). Let a be u(-1). Suppose 5*l = 7*l - a. Is l a multiple of 11?
False
Let s(m) = 3*m**2 + 13*m - 19. Let x be s(-8). Let l = 278 - x. Is l a multiple of 19?
True
Let r(x) = -11*x + 15. Let c(b) = -b**2 - 10*b - 12. Let j be c(-10). Is 9 a factor of r(j)?
False
Suppose 0 = -141*x + 140*x + 112. Let t = 276 - x. Is 41 a factor of t?
True
Let x(p) be the second derivative of -7*p**3/6 + 7*p**2/2 - 38*p. Does 35 divide x(-14)?
True
Let i(z) = z - 1. Suppose -1 = 5*m + 4, x = -5*m. Suppose -r = -2 - x. Is i(r) a multiple of 6?
True
Let l(g) = g - 14. Let j be l(19). Suppose -3*f + 4*f = -2*c + 207, 2*c - 213 = j*f. Suppose s + t + t = c, -s + 100 = t. Is 16 a factor of s?
True
Suppose 4*t - 3*k - 15 = 0, 3*t - 2*k + 0 = 10. Let p be 3/(3 - -6)*t. Suppose p = 2*a + 3*a - 35. Does 5 divide a?
False
Suppose -3*f = -v - 7, -v + 6*v - 2*f = 4. Suppose 0 = -3*z - p + 359, 262 = v*z - p - 4*p. Is z a multiple of 38?
False
Suppose -3*w = -3, -5*u = -2*w - 3*w - 100. Let d = u + -48. Let q = -11 - d. Does 4 divide q?
True
Let y(a) = 3*a + 10. Let u be y(-2). Suppose 0 = u*f + 5*g - 124, 68 = 2*f + 2*g + 2*g. Is f a multiple of 26?
True
Suppose -2*h + 4*h = 3*g - 388, 0 = 3*g + 5*h - 395. Is g a multiple of 65?
True
Let o(p) = 6*p**2 + 4*p - 10. Let j be (1/(-1) - 1) + -3 + 2. Is o(j) a multiple of 16?
True
Let p(j) = -8*j + 12. Let g be p(1). Suppose 3*w + 29 - 98 = -f, -4*f = -4*w - 228. Suppose f = u + g*u. Does 12 divide u?
True
Let k = 39 + -42. Let x(l) = 3*l**2 + 2*l + 11. Is x(k) a multiple of 2?
True
Let j be 4/(2*(-2)/10). Let y = -28 - -81. Let w = y + j. Does 13 divide w?
False
Suppose -3*t = 3*l - 66, 0 = 2*l - t - t - 24. Is 12 a factor of 1069/l + (-2)/(-17)?
False
Let m = 56 + -90. Let j = m + 38. Is j a multiple of 2?
True
Suppose 2202 + 60 = 6*q. Suppose -7*w - q = -937. Is 14 a factor of w?
False
Let g(v) = 2*v**2 + 31*v + 27. Does 26 divide g(-17)?
True
Suppose 104 = -2*y - 14. Let q = y - -89. Is 12 a factor of q?
False
Let s be 20/6 - 16/(-24). Suppose -s*v - 4*a = -166 - 110, 3*v - 202 = -4*a. Is 12 a factor of v?
False
Does 16 divide 1422 + 1 + (-15)/5 - -4?
True
Suppose -5*s = 2*v + 149 - 5251, -5*v + 4085 = 4*s. Is 34 a factor of s?
True
Let f = 4344 + -2699. Is 47 a factor of f?
True
Let k(o) = -o**3 + 6*o**2 - 3*o - 4. Let w be k(5). Suppose 5*d - w = 4. Suppose -3*r - 2*m + 32 = 0, d*r + 3*m = 6*r - 54. Is 12 a factor of r?
True
Let j be ((-686)/5)/(1/5). Is (j/(-10) - -3) + 4/10 a multiple of 30?
False
Suppose 2590 = 4*g - 7*j + 5*j, 4*j = -g + 625. Is 15 a factor of g?
True
Let m(w) = -2